)/(-1) is divided by q?
27
What is the remainder when 233 is divided by (-16*(-6)/(-12))/(-2)?
1
Suppose -72*o = -29*o - 516. Let z(t) = -7*t - 9. What is the remainder when z(-6) is divided by o?
9
Suppose 59*f - 18*f = 35957. Calculate the remainder when f is divided by 22.
19
Let p be 61/5 + -5 + 144/30. Suppose 42 = 6*f + p. Let s(b) = b**2 - 3*b - 2. What is the remainder when s(6) is divided by f?
1
Suppose -5*l + 43 = -22. Let o be (-1)/(-2) + (-91)/(-26). Suppose -o*k + 5*k - 50 = 0. Calculate the remainder when k is divided by l.
11
Let f = 224 - 178. What is the remainder when f is divided by 12?
10
Suppose 2*o = 5*m - 16, -3*o + m = 4*m - 18. Calculate the remainder when 47 is divided by ((-13)/o)/((-2)/4).
8
Let c(d) = -2*d**3 - 5*d**2 - 4*d - 1. Let a be c(-3). Let v be (a/(-30))/(1/(-3)). What is the remainder when 54 is divided by (28/5)/(v/5)?
12
Suppose -16 = 4*q - 4*p, 29 = -4*q + 5*p + 8. Let s be 9 - ((q - -3) + -3). Calculate the remainder when (s/10)/(15/1575) is divided by 22.
18
Let j(k) = 2*k + 47. What is the remainder when 61 is divided by j(-8)?
30
Suppose -153*k = -158*k - 15, -1305 = -2*v + 5*k. What is the remainder when v is divided by 9?
6
Calculate the remainder when (126/49)/(3*(-4)/(-1932)) is divided by 32.
30
Let u = -23 + 183. Let g = u - 145. What is the remainder when 51 is divided by g?
6
Let w(k) = -45*k**3 - k**2 + 2. Let g be w(-1). Suppose 26 = 6*b - g. Calculate the remainder when 46 is divided by b.
10
Let t = 901 + -394. Calculate the remainder when t is divided by 30.
27
Calculate the remainder when 161 is divided by 224/(-280) - (-278)/10.
26
Suppose 3*z - 7 = 11. Let p(w) = -w**2 + 6*w + 8. What is the remainder when p(z) is divided by 3?
2
Suppose 0 = x - 8 - 1. Let d = -7 + x. Suppose m - a + 44 = 5*m, -55 = -5*m - d*a. Calculate the remainder when 42 is divided by m.
9
Let t = -429 + 453. What is the remainder when 145 is divided by t?
1
Let s = 35 + -32. What is the remainder when s is divided by 16/8 - (-2 + 3)?
0
Let u = 0 + 15. Suppose 2*p - 5*p + u = 0. Suppose 0 = p*q - 3*q - 26. What is the remainder when 24 is divided by q?
11
Let r(n) = -3*n + 26. Let v be r(-3). Suppose 0 = 4*s + s + 2*y - 110, 0 = 3*s - 5*y - v. Calculate the remainder when 58 is divided by s.
18
Suppose 0 = -c - x + 370, -5*c + 936 + 918 = x. Calculate the remainder when c is divided by 17.
14
Suppose -5*h - 4*k = -32, 4*h - 20 - 22 = 5*k. Suppose -h = -2*q, 4*o + 13 - 61 = 5*q. What is the remainder when 27 is divided by 9/((-27)/6) + o?
12
Let s = -17 + -1. Let f = -115 - -119. Calculate the remainder when f/18 - 176/s is divided by 6.
4
Let v = 80 - 77. Let o(p) = -2*p - 2. What is the remainder when (8/3)/(v/18) is divided by o(-4)?
4
Suppose -32*t + 2062 = -370. What is the remainder when 88 is divided by t?
12
Let j(r) = r**3 + 8*r**2 - 36*r - 271. What is the remainder when 386 is divided by j(-8)?
12
Let r(u) = -2*u**2 + 15*u - 8. What is the remainder when (4 + -7 - -4)*49 is divided by r(6)?
9
Suppose 0 = -3*v + 3*g - 170 + 419, 4*g = 2*v - 174. Let h = v - 67. Calculate the remainder when h is divided by 8.
4
Suppose -6*j + 5*j = 3*x - 77, 5*x + 2*j - 128 = 0. Calculate the remainder when 439 is divided by x.
23
Let i(p) = -36*p - 2. Let h = 5 + -7. Suppose v + 4*j - 14 = 0, -4*j + 56 = 4*v - 12. What is the remainder when i(h) is divided by v?
16
Suppose -7*q = -2*q - 30. Suppose 2*f + 2*f = 0. Suppose -4*t + 5*t - 21 = f. Calculate the remainder when t is divided by q.
3
Suppose 3*y + 37 = x, 26 = -2*y + 2*x - 0. Suppose 5*z - j = 188, -4*j - 30 = 3*z - 4*z. What is the remainder when z is divided by (-1)/(-3)*(18 - y)?
8
Let s = 6529 + -6516. Suppose 0*j + 4*v = 5*j - 436, -266 = -3*j - 2*v. What is the remainder when j is divided by s?
10
Suppose -3*j + 30 = -j. Suppose -42*f + 37*f + 745 = 0. Calculate the remainder when f is divided by j.
14
Let z = -5 - -8. Suppose -m + 2 = z. Calculate the remainder when (-42)/m - (9 + -6) is divided by 11.
6
Let a(d) = 14 - 2*d + 2*d**3 - 4 - 6 - 1 - 7*d**2. What is the remainder when a(5) is divided by 23?
22
Suppose -2*v + 2*l = 2, v - 13 = -v - 3*l. Suppose -s + 5*g = -2*s + 51, v*s - 4*g - 88 = 0. Calculate the remainder when s is divided by 13.
7
Let c = 415 - -184. What is the remainder when c is divided by 50?
49
Let b = 121 - 112. What is the remainder when 76 is divided by b?
4
What is the remainder when (-1809)/(-6) - 1/(5 + -7) is divided by 19?
17
Suppose -l = 2*l - 36. Suppose 33 = 5*i - l. What is the remainder when 30 is divided by -2*(-12)/i*3?
6
Suppose -16 + 184 = 6*m. What is the remainder when 160 is divided by m?
20
Suppose -5*l - 4*o + 2*o = -155, 3*o = 2*l - 62. Let s = -35 + 40. Suppose 0 = -0*h + s*h - 85. What is the remainder when l is divided by h?
14
Suppose 2*u + 3*c = 127, 5*u = -5*c + 186 + 139. Let i be (-2)/(-6) + u/12. Suppose j = i*j - 85. What is the remainder when 67 is divided by j?
16
Suppose -2*l = 3*l - 170. Suppose -3*k + 14 = -3*d - 31, -5*k - 2*d + 96 = 0. What is the remainder when l is divided by k?
16
Let d be 1134/10 - 14/35. Let h = d + -76. Calculate the remainder when h is divided by 19.
18
Let q(a) = a**3 - 15*a**2 + 13*a - 9. Let b be q(14). Let n = -32 - b. What is the remainder when 12 is divided by (-54)/(-6)*(-6)/n?
0
Let p = 24 + -7. Suppose -4 = 2*s - 4*s, -s = -5*n + 18. Calculate the remainder when p is divided by n.
1
Let p be (22 + -3 - -3) + -2. Let g = -4 + p. Suppose -g = -s - 10. What is the remainder when 28 is divided by s?
4
Let b(c) = 4*c**2 - 12*c + 13. What is the remainder when b(4) is divided by 28?
1
Let p = -6 - -7. Let u(r) = r + r + 2*r**2 - 2*r + 1 + r. Calculate the remainder when u(-1) is divided by p.
0
Suppose 5 = 7*w - 9. Suppose -5*l + 47 = p - w*p, 0 = -5*l - p + 53. What is the remainder when 38 is divided by l?
8
Let x(g) = 12*g - 3 - 18*g + 8*g**2 + 6. Calculate the remainder when x(4) is divided by (-6)/(-21) + 748/28.
26
Let u = -22 + 25. What is the remainder when 98 is divided by u?
2
Let v be ((-69)/(-4 + 1))/((-4)/(-4)). Suppose m - v + 4 = 0. Calculate the remainder when m is divided by 6/(-8)*(1 - 13).
1
Suppose -y = -a - 52, -4*a = -5*y - 26 + 234. Let o = 108 + a. Calculate the remainder when o is divided by (-1 + 1 + -1)/(17/(-255)).
11
Let k be (2/6)/((-2)/(-42)). Let v(p) = 3*p**2 + 4*p - 3. Let b be v(2). Let t = b - k. What is the remainder when 38 is divided by t?
8
Let w = -33 - -35. Suppose -20 = u - 5*u. What is the remainder when w - (48/(-4))/1 is divided by u?
4
Let f = 60 + -37. Let w = 146 - 88. What is the remainder when w is divided by f?
12
Suppose -3*l + 9*t = 12*t - 51, -3*t = -2*l + 44. Suppose 0*b = 2*b - 14. Calculate the remainder when l is divided by b.
5
Suppose -20*n - 8*n = -784. Calculate the remainder when 81 is divided by n.
25
Let m = 132 + -88. Suppose -2*d - v + 21 = 0, 8*d - 4*d + 4*v = m. Calculate the remainder when 28 is divided by d.
8
Let i = 18 + -10. Suppose -i*b = -5*b - 48. Let c = 109 - 48. Calculate the remainder when c is divided by b.
13
Calculate the remainder when ((-301)/(-8) - 4)*8 is divided by 132.
5
Let k(u) = 0*u**2 + 7*u**3 + u - 3*u**2 + 2*u**2 + 1. What is the remainder when 61 is divided by k(1)?
5
Let q be 2*(-6 - (3/(-2) + 2)). Suppose -3*r - 17 = 37. Let g = q - r. Calculate the remainder when 8 is divided by g.
3
Let u(n) be the first derivative of -n**2 - 6*n - 5. Let j be u(-3). Suppose j = -4*p, 2*y + 2*p - 56 = -p. Calculate the remainder when y is divided by 16.
12
Suppose -4*m - 45 = m. Let v be -1 + 2 + (-10 - m). Suppose v = -2*p + 1 + 33. Calculate the remainder when p is divided by 5.
2
Suppose -5*x + 280 = 5*z, -52 = -x - 22*z + 17*z. Calculate the remainder when 120 is divided by x.
6
Suppose -9*p + 420 = 33*p. Calculate the remainder when 448 is divided by p.
8
Suppose 0 = 8*g - 11*g + 132. Let l = g + -31. What is the remainder when 34 is divided by l?
8
Suppose -4*t + 12 = i, -3*t - 16 = -2*t + 5*i. Calculate the remainder when (-2)/(-1)*91/14 is divided by t.
1
Suppose 0 = -4*q - 0*q + 20. Suppose -x - q = -2, z - 3 = -4*x. What is the remainder when 7/((-42)/z + 3) is divided by 18?
17
Suppose 37*t - 45*t + 10760 = 0. Calculate the remainder when t is divided by 71.
67
Suppos